24
Suppose -18 = 3*p + 3*u, 0*p - u = -p - 6. Let j(t) = t**3 + 5*t**2 - 5*t - 4. Determine j(p).
-10
Let k(i) = 2*i - i**2 + 1 + 2*i - 2*i + 3*i. Let s(l) = l**2 + 5*l - 8. Let h be (-3)/(-2)*84/(-18). Let f be s(h). Give k(f).
-5
Suppose -2*x = -4*x - 186. Let s be ((-1)/3)/(1/x). Let t(j) = j**2 - 3*j**2 - 4*j + 28 - s. What is t(-2)?
-3
Let x = -9 + 14. Suppose -5*y = -x - 0. Let q(g) be the second derivative of g**3/3 + g**2/2 + g - 40. Give q(y).
3
Let t(s) = -s**3 + 8*s**2 - 5*s + 2. Let k(j) = 2*j - 12. Let d be k(9). Give t(d).
44
Let t(a) = -a**2 + 9*a - 12. Let z(n) = -n**2 + 22*n + 50. Let j be z(24). Suppose -3 = x - j*y - 7, 0 = x + 5*y - 18. Calculate t(x).
-4
Suppose 0 = -4*u + 7 + 5. Let g(l) = -l + 0*l**u + 10*l**3 - 125*l**2 + 125*l**2. Give g(-1).
-9
Let x(n) = -n**2 + 1. Let p be x(2). Let k(o) = o**3 + 2*o**2 - 2*o. Let g be k(p). Let q(h) = -h**2 + 8*h - 41*h - 3 + 29*h. Calculate q(g).
0
Suppose 4*k - 1 = -g, 0 = 5*k + 2*g - 6 + 4. Let i(u) = u**3 + u**2 - u + 9. What is i(k)?
9
Let x = -7 + 15. Suppose 0*h = 3*h - 5*o + 43, -3*o = -6. Let z = x + h. Let v(u) = -u**3 - 2*u**2 + 4*u + 2. What is v(z)?
-1
Let s(u) = -9*u. Suppose 1547*b = 1541*b + 24. What is s(b)?
-36
Suppose 27 = y + 2*y. Let b(q) be the first derivative of -q**4/4 + 10*q**3/3 - 4*q**2 - 6*q + 434. What is b(y)?
3
Let r(z) be the second derivative of z**3/6 - 3*z**2/2 - 115*z. Give r(2).
-1
Let u be 41/(-13) + (-8)/(-52). Let i(g) be the first derivative of g**5/20 + g**4/4 - 2*g - 4. Let x(c) be the first derivative of i(c). Give x(u).
0
Let x(w) = -5*w**2 - 1. Let t(y) = 5*y**2 + 1. Let c = 44 + -38. Let k(i) = c*x(i) + 5*t(i). Suppose -5*s + 2 + 6 = -2*l, -s + 5 = 3*l. Determine k(l).
-6
Let p(c) be the second derivative of c**4/12 - 2*c**3 + 13*c**2 - 15*c + 11. Determine p(10).
6
Let x(d) = -5*d. Let f be x(-4). Suppose -19*p + 15*p + f = 0. Let k(w) = 12*w - 6*w**2 - 6 - 5*w - 3*w**3 + 4*w**3. Give k(p).
4
Let c(o) = -o + 6. Let f = -822 + 830. Give c(f).
-2
Let b = -57 + 37. Let u = b + 27. Let d(s) = s**2 - 4*s - 5. Give d(u).
16
Let y(i) be the second derivative of -i**5/20 - i**4/4 + i**3/6 - 5*i**2/2 + 4*i - 3. What is y(-4)?
7
Let c = -4 - -7. Suppose 0 = 3*y + z - 43, -4*y + c*z + 57 = 4*z. Let r be ((-63)/y)/((-6)/(-8)). Let h(g) = g. Give h(r).
-6
Suppose 5*w + 3*h + 8 = -17, 3*w - 3*h - 9 = 0. Let v(f) = f**3 + f**2 - f. Let n(j) = -2*j**3 - 3*j**2 - 1. Let c(k) = n(k) + v(k). Calculate c(w).
1
Let x(h) = 4*h - 5*h - h. Let a be (4 + 1 + -1)*(-1)/(-2). Calculate x(a).
-4
Let w(q) be the second derivative of 3*q**5/4 - q**3/3 - q**2/2 - 45*q. Determine w(-1).
-14
Suppose -5*x = q - 30, 6 = -3*x - q + 24. Let v(f) = -7*f**2 + f - 10. Let i(h) = -6*h**2 - 9. Let b(p) = x*i(p) - 5*v(p). Calculate b(-4).
0
Let w(f) = f**2 + 11*f - 3. Let q be w(-14). Let i = q + -46. Let j(n) = -3*n - 8. Determine j(i).
13
Let o be ((-12)/(-8))/((-33)/(-22)). Let t(y) = y**2 - 1. What is t(o)?
0
Let q(w) = 2*w**2 - 3*w + 2. Let c(z) = z**2 + 4*z - 5. Let b be c(2). Suppose b = 3*u + k, -1 - 4 = -3*u + k. Determine q(u).
4
Suppose k - 3*t = 0, -3*k + 14*t - 15*t = -10. Let o(p) = 8*p - 19. Calculate o(k).
5
Let z = -22 + 14. Let a(f) = f + 9. Determine a(z).
1
Suppose -48*f - 433 = -97. Let u(i) = -i**3 - 7*i**2 - 7. What is u(f)?
-7
Let m be 1 + (-2 - (-2 - 2)). Let n(z) = -14*z. Let j(y) = 9*y. Suppose -3*a + 1 - 16 = 3*s, 0 = -3*s - a - 15. Let v(t) = s*n(t) - 8*j(t). Determine v(m).
-6
Suppose -2*v - 5*y = -v + 19, 16 = v - 2*y. Let g(i) be the first derivative of -i**4/4 + 5*i**3/3 + 4*i**2 - 5*i + 1. Give g(v).
7
Let i be (0 + 3 + 6)/1. Let q be 7/35 - i/(-5). Let w(s) = s**3 - s**2 - s + 2. Determine w(q).
4
Let r(t) be the third derivative of -t**4/24 - 5*t**3/6 - 27*t**2. Let y(o) = -9*o**2 - 2*o - 1. Let s be y(-1). Give r(s).
3
Let y = -18 - -25. Suppose 0 = -2*i + y + 5. Let c be 4/i - (-7)/21. Let d(h) = -h. What is d(c)?
-1
Let z(p) = -p**3 - 10*p**2 + 13*p + 14. Let y = -888 - -877. Give z(y).
-8
Let o be (-332)/(-20) - (-8)/20. Let h(t) = 1 - o*t**2 + 20*t**2 - 9*t**2. What is h(-1)?
-5
Suppose 6 = 3*q - 2*g, 3*q + q = -g + 19. Suppose 5*t + 28 - 93 = 0. Let b(d) = -10*d + 4 + q + t*d. Give b(-6).
-10
Let b(v) = -v**3 - 3*v**2 + 4*v - 5. Let x(w) = -w**2 - 8*w - 10. Let t be x(-6). Let s be (t/(-3))/(3/(-36)*-2). Calculate b(s).
-5
Let l(c) = c + 4. Let b(z) = -2*z + 13. Let y(s) = -s**3 + 9*s**2 - 2*s - 10. Let p be y(9). Let v = 36 + p. Let t be b(v). What is l(t)?
1
Let p(m) = m**2 + 7*m - 151. Let f be p(-16). Let n(t) = t**3 + 6*t**2 - 7*t + 2. What is n(f)?
2
Suppose 12 = -11*l + 7*l + 2*z, -4*l = 5*z - 16. Let y(m) = -m**2 - 2*m. What is y(l)?
1
Let h(x) = x**2 + 12*x - 7. Let u(m) = -2*m**2 - 11*m + 7. Let v(t) = 3*h(t) + 2*u(t). Give v(12).
17
Let b(s) = -13*s - 4. Let u = 208 - 205. Give b(u).
-43
Let c(f) = -4*f**3 - 11*f**2 - 6*f + 2. Let u be c(-2). Let x(g) = -3*g**3 + 2*g**2 - 4*g + 2. Determine x(u).
-22
Let g(r) = r**3 - 7*r**2 - 10*r + 7. Let a = -141 + 149. What is g(a)?
-9
Let j(f) be the third derivative of -f**5/60 + f**4/6 - f**3/2 + 354*f**2. Let b = 8 - 4. Calculate j(b).
-3
Let a be ((-24)/4)/(-3) + 8. Suppose -a = -5*f, -f - f = -v + 13. Suppose 23 = -p + v. Let l(d) = d**3 + 6*d**2 - 7. What is l(p)?
-7
Let x(p) be the second derivative of -2*p + 1/6*p**4 + 0 + 1/2*p**3 - 2*p**2. Suppose 0 = -5*i - z - 18, 4*z + 3 = 3*z. Determine x(i).
5
Suppose 3*j - 4 = 23. Let z be (-8 - -4)*j/(-12). Suppose z*u - 12 = 3*v, 8 = -0*u + u - 5*v. Let o(y) = y**2 - 3*y - 4. Determine o(u).
-4
Suppose -4*d - 65 = -9*d. Let s(o) = d - o - 13. Determine s(2).
-2
Suppose -6*f + 12 = 24. Let i(c) = c**2 - 3*c - 3. Calculate i(f).
7
Let q(r) = -14*r + 13*r - 5 - 12 + 4. Give q(-8).
-5
Let q(o) be the third derivative of -o**8/6720 + o**7/360 - 7*o**6/720 + o**5/60 + o**4/6 + 6*o**2. Let h(f) be the second derivative of q(f). Determine h(6).
-4
Let c(x) = 11*x**3 - 6*x**2 + 4*x - 15. Let s(y) = -5*y**3 + 3*y**2 - 2*y + 7. Let i(g) = 4*c(g) + 9*s(g). Determine i(2).
3
Let s(k) = -k**3 - 10*k**2 + k + 2. Let u(q) = -q**2 + q + 1. Let f(w) = -w**2 + 4*w + 1. Let h be f(4). Let g(x) = h*s(x) - 6*u(x). What is g(-4)?
16
Let j = 41 - 35. Let n(u) be the first derivative of -u**4/4 + 7*u**3/3 - 7*u**2/2 - u + 18. Calculate n(j).
-7
Let f(c) = -c**2 - 7*c + 8. Let r(x) = -12*x + 33. Let m be r(6). Let p be (-6)/(-39) + 318/m. Give f(p).
0
Let l(v) = 10*v - 4. Let s be l(2). Suppose s - 40 = 4*h. Let d(c) = c + 14. Let a be d(h). Let t(x) = -x**2 + 7*x + 8. Calculate t(a).
0
Let y(n) be the first derivative of -n**3/3 - n**2/2 + 2*n - 27. Give y(-7).
-40
Let d be -2*19 - (1 - -2). Let s(u) = u - 40. Let x be s(0). Let m = d - x. Let c(t) = 5*t**3 - t**2 - t - 1. Determine c(m).
-6
Let q(z) = -3*z - 4. Suppose 13*x + 18 - 5 = 0. Let u(v) = -1. Let r(t) = x*u(t) - q(t). Calculate r(5).
20
Let a(m) = 7 - 34*m - 8 - 28*m**2 + 33*m. Calculate a(-1).
-28
Suppose 229*t + 56 = 222*t. Let y(r) = -r - 9. What is y(t)?
-1
Let s = -38 + 81. Let t = s + -60. Let j(q) = 5*q**3 - 5*q + 2. Let u(m) = -14*m**3 + m**2 + 14*m - 6. Let o(b) = t*j(b) - 6*u(b). Give o(-6).
-4
Let u(s) = -9*s - 19. Let v be 331/7 - (-4)/(-14). Let l(q) = -76*q - 19 + v + 89*q. Let a(d) = -5*l(d) - 7*u(d). What is a(-5)?
3
Let o(a) = a**3 - 6*a**2 + 5*a + 1. Suppose -45 = u - 50. Suppose -3*x - 1 = z, 0*x - u = z + 5*x. What is o(z)?
1
Let h(l) be the second derivative of l**4/12 + 8*l**3/3 - 4*l**2 - 210*l. Determine h(-17).
9
Let z(v) = 9*v**2 - 6*v**2 - 9*v**2 - 6*v - v**3 + 7. Suppose -2*w = -6*w - 20. What is z(w)?
12
Suppose d + 0*d + 6 = 0. Let r(p) be the third derivative of -1/120*p**6 - 1/6*p**3 - 5/24*p**4 + 0 - 7/60*p**5 + 0*p + 3*p**2. Calculate r(d).
-7
Let n(c) be the first derivative of -5 - 5/2*c**2 + 0*c. Let r(u) = -u - 3. Let b be r(-4). Give n(b).
-5
Let m(a) be the third derivative of -a**4/8 - 7*a**3/6 - 39*a**2 - 2*a. Determine m(-11).
26
Let l be -5*(1 - (-6)/(-3)). Let m(y) = -2*y + 6. What is m(l)?
-4
Let h(o) = -2*o - 2. Let u be ((-8)/4)/((-2)/4). Suppose -j + 1 - u = 0. What is h(j)?
4
Let p be 15*5/(1 + 4). Let b be 96/p + 4/(-10). Let w(h) = h**3 + 8 + 5*h + 3*h**2 - 4*h**2 - 6*h**2. What is w(b)?
2
Let h(s) be the third derivative of s**5/60 - s**4/4 -